{"id":2,"date":"2016-05-10T03:48:21","date_gmt":"2016-05-10T03:48:21","guid":{"rendered":"http:\/\/hambach-suiten.de\/?page_id=2"},"modified":"2024-08-22T13:47:04","modified_gmt":"2024-08-22T13:47:04","slug":"sample-page","status":"publish","type":"page","link":"https:\/\/greenliving-suiten.de\/","title":{"rendered":"Greenlinving Suiten"},"content":{"rendered":"\t\t<div data-elementor-type=\"wp-page\" data-elementor-id=\"2\" class=\"elementor elementor-2\">\n\t\t\t\t\t\t<section class=\"elementor-section elementor-top-section elementor-element elementor-element-30e1f353 elementor-section-boxed elementor-section-height-default elementor-section-height-default\" data-id=\"30e1f353\" data-element_type=\"section\" data-e-type=\"section\">\n\t\t\t\t\t\t<div class=\"elementor-container elementor-column-gap-default\">\n\t\t\t\t\t<div class=\"elementor-column elementor-col-100 elementor-top-column elementor-element elementor-element-2ba8c737\" data-id=\"2ba8c737\" data-element_type=\"column\" data-e-type=\"column\">\n\t\t\t<div class=\"elementor-widget-wrap elementor-element-populated\">\n\t\t\t\t\t\t<div class=\"elementor-element elementor-element-345c01d6 elementor-widget__width-initial elementor-widget elementor-widget-text-editor\" data-id=\"345c01d6\" data-element_type=\"widget\" data-e-type=\"widget\" data-widget_type=\"text-editor.default\">\n\t\t\t\t<div class=\"elementor-widget-container\">\n\t\t\t\t\t\t\t\t\t<p><strong>Wer das Besondere sucht, der ist hier Zuhause.<\/strong><\/p><p>Au\u00dfergew\u00f6hnliche Architektur in Form, Funktion, Sch\u00f6nheit und Zweckm\u00e4\u00dfigkeit &#8211; ein Wahrzeichen auf der Hambacher H\u00f6he. Die gestaffelten Bauk\u00f6rper integrieren sich in die Natur. Das park\u00e4hnliche Grundst\u00fcck befindet sich nur wenige Gehminuten vom Ortszentrum Neustadt an der Weinstra\u00dfe entfernt.<\/p><p><span style=\"color: var( --e-global-color-text ); font-family: var( --e-global-typography-text-font-family ), Sans-serif; font-weight: var( --e-global-typography-text-font-weight ); font-size: 1rem;\">Die hochwertigen Mehrfamilienvillen umfassen 8 Garten-Suiten mit Privat-g\u00e4rten, 4 Terrassen-Suiten mit gro\u00dfz\u00fcgig dimensionierten Loggien sowie 4 luxuri\u00f6se Penthouse-Suiten. Alle Wohnbereiche werden, wo technisch m\u00f6glich, altersgerecht aus-gef\u00fchrt. Ein ger\u00e4umiger Lift verbindet alle Wohneinheiten.<\/span><\/p><p><span style=\"color: var( --e-global-color-text ); font-family: var( --e-global-typography-text-font-family ), Sans-serif; font-weight: var( --e-global-typography-text-font-weight ); font-size: 1rem;\">Die Eigentumswohnungen verf\u00fcgen \u00fcber extra gro\u00dfe und hohe R\u00e4ume. Wohnfl\u00e4chen von circa 85 m\u00b2 bis circa 165 m\u00b2 sorgen f\u00fcr ein befreites Wohngef\u00fchl.<br \/>Besonders hervorzuheben sind die in verschiedenen Suiten ausgerichteten Sonnenterrassen, die einen herrlichen Blick erm\u00f6glichen. Die Hauptterrassen im OG und Penthouse sind altersgerecht zu betreten und mit hohen ab-schlie\u00dfenden Verglasungen und Panoramafaltanlagen ausgestattet.<\/span><\/p><p><span style=\"color: var( --e-global-color-text ); font-family: var( --e-global-typography-text-font-family ), Sans-serif; font-weight: var( --e-global-typography-text-font-weight ); font-size: 1rem;\">Die Glasfassade und umlaufende Terrasse im Penthouse geben dem Bau-werk seine 360\u00b0 Fernwirkung.<\/span><\/p><p>Ist es das strahlend sch\u00f6ne Arrangement aus Glas, Licht und \u00c4sthetik? Ist es das helle, freundliche Flair in mitten einer park\u00e4hnlichen Anlage? Oder das sympathische L\u00e4cheln der k\u00fcnftigen Bewohner, die gerne Zuhause sind? Vielleicht ist es einfach dieser faszinierende Gesamteindruck aus Ambiente und Atmosph\u00e4re, der Ihnen schon auf dem Weg zum Aufzug das gute Gef\u00fchl gibt, angekommen zu sein &#8230; in Ihrer Suite.\u00a0<\/p><p>Die Anordnung und Aufteilung der Suiten maximiert das nat\u00fcrliche Licht durch nahezu raumhohe Fensterverglasungen und \u00f6ffnet sich zu eleganten privaten Loggien, die den Bewohnern einen Wohnbereich im Freien bieten, um Naherholung am Rande des Pf\u00e4lzer Naturwalds zu genie\u00dfen.<\/p><p>\u00a0Das markante Innen-Au\u00dfen-Konzept schafft offene Wohnr\u00e4ume mit gro\u00dfen Panoramafenstern, die eindrucksvolle Ausblicke inmitten einer park\u00e4hnlichen Gartenanlage bieten.<\/p><p>1<span style=\"color: var( --e-global-color-text ); font-family: var( --e-global-typography-text-font-family ), Sans-serif; font-weight: var( --e-global-typography-text-font-weight ); font-size: 1rem;\">6 stilvoll moderne Neubausuiten, mit denen Sie Ihren Wohn(t)raum opti-mal auf Ihre Bed\u00fcrfnisse abstimmen und sich einfach wohlf\u00fchlen k\u00f6nnen.<\/span><\/p><p>\u00a0<\/p>\t\t\t\t\t\t\t\t<\/div>\n\t\t\t\t<\/div>\n\t\t\t\t\t<\/div>\n\t\t<\/div>\n\t\t\t\t\t<\/div>\n\t\t<\/section>\n\t\t\t\t<\/div>\n\t\t","protected":false},"excerpt":{"rendered":"<p>Wer das Besondere sucht, der ist hier Zuhause. Au\u00dfergew\u00f6hnliche Architektur in Form, Funktion, Sch\u00f6nheit und Zweckm\u00e4\u00dfigkeit &#8211; ein Wahrzeichen auf der Hambacher H\u00f6he. Die gestaffelten Bauk\u00f6rper integrieren sich in die Natur. Das park\u00e4hnliche Grundst\u00fcck befindet sich nur wenige Gehminuten vom Ortszentrum Neustadt an der Weinstra\u00dfe entfernt. Die hochwertigen Mehrfamilienvillen umfassen 8 Garten-Suiten mit Privat-g\u00e4rten, 4 &hellip; <\/p>\n<p class=\"link-more\"><a href=\"https:\/\/greenliving-suiten.de\/\" class=\"more-link\"><span class=\"screen-reader-text\">\u201eGreenlinving Suiten\u201c<\/span> weiterlesen<\/a><\/p>\n","protected":false},"author":1,"featured_media":0,"parent":0,"menu_order":0,"comment_status":"closed","ping_status":"closed","template":"","meta":{"footnotes":""},"class_list":["post-2","page","type-page","status-publish","hentry"],"_links":{"self":[{"href":"https:\/\/greenliving-suiten.de\/index.php?rest_route=\/wp\/v2\/pages\/2","targetHints":{"allow":["GET"]}}],"collection":[{"href":"https:\/\/greenliving-suiten.de\/index.php?rest_route=\/wp\/v2\/pages"}],"about":[{"href":"https:\/\/greenliving-suiten.de\/index.php?rest_route=\/wp\/v2\/types\/page"}],"author":[{"embeddable":true,"href":"https:\/\/greenliving-suiten.de\/index.php?rest_route=\/wp\/v2\/users\/1"}],"replies":[{"embeddable":true,"href":"https:\/\/greenliving-suiten.de\/index.php?rest_route=%2Fwp%2Fv2%2Fcomments&post=2"}],"version-history":[{"count":16,"href":"https:\/\/greenliving-suiten.de\/index.php?rest_route=\/wp\/v2\/pages\/2\/revisions"}],"predecessor-version":[{"id":275,"href":"https:\/\/greenliving-suiten.de\/index.php?rest_route=\/wp\/v2\/pages\/2\/revisions\/275"}],"wp:attachment":[{"href":"https:\/\/greenliving-suiten.de\/index.php?rest_route=%2Fwp%2Fv2%2Fmedia&parent=2"}],"curies":[{"name":"wp","href":"https:\/\/api.w.org\/{rel}","templated":true}]}}